Let l = m - -34. Suppose -l*i + 10974 = 3*i. Is i a prime number?
False
Let m(r) = -7*r**3 + 2*r**2 + 3*r - 4. Let t be m(1). Suppose 5*c - 5*x + 18 = 4*c, -x = -c - 18. Is (c/t)/(-1) + 13*86 prime?
False
Suppose -3*r + 7*r = -28736. Let w = 13923 + r. Is w composite?
True
Suppose -3*l + 85 = 14*l. Suppose 5*k - 8663 = -13*j + 11*j, l*k + 8613 = 2*j. Is j composite?
True
Is (-1954)/4*(770/(-14) - -21) a prime number?
False
Suppose 2563*n - 91033 = 2562*n. Is n a composite number?
False
Is (-3)/3*(-6797490)/70 prime?
False
Let h(d) = 589*d**3 - d**2 - 6*d + 7. Let o = 73 + -71. Is h(o) a prime number?
True
Let i = -323 + -76. Suppose 0 = -14*y - 5358 + 20730. Let r = i + y. Is r prime?
False
Let l(s) = -s**2. Let y(k) = -21*k**3 + 13*k**2 - 3*k + 20. Let a(i) = 2*l(i) - y(i). Is a(7) composite?
False
Let x = 29644 + -19908. Suppose -x = -5*z + 459. Is z prime?
True
Let f = 1224172 + -525701. Is f a composite number?
False
Let c(z) = z**3 + z**2 + 260*z + 212651. Is c(0) composite?
False
Suppose -4*r = -5*w + r - 145, 0 = 3*w - 5*r + 91. Let k be 3/5 - w/(-30)*254. Let v = -163 - k. Is v a composite number?
True
Suppose 0 = -2*v + 3*z - z - 16, -3*v + 4*z - 23 = 0. Is -3 + (-4 - 66/v)*309 composite?
True
Let i = 310 - 319. Let j(v) = -1327*v + 10. Is j(i) prime?
True
Suppose -5*r = 5*p - 4645, -2*p = r + 290 - 1217. Suppose 2725 = 3*m + 2*n, -5*n - r = 3*m - 4*m. Is m prime?
True
Suppose 3*q - 39542 = 4*a, 5*q + 2*a - 65918 = 5*a. Let j = q + -21636. Let n = j + 12169. Is n a composite number?
False
Let r be 1*-1 + (6 - -1781). Let i = -2558 + r. Let z = -89 - i. Is z a prime number?
True
Let c = 109 + -75. Suppose 0 = 26*d - c*d + 7032. Is d a composite number?
True
Let f(w) = w**2 + 2*w + 3. Let u be f(6). Let z = -54 + u. Let t(v) = -62*v - 25. Is t(z) composite?
True
Suppose -384 = 3*r + 315. Let g = r + 531. Is g a composite number?
True
Let n be (3546/(-8))/(24/(-448)). Suppose 0 = -0*s + 6*s + n. Let z = s + 2982. Is z a composite number?
True
Is 21 + 17237693/19 + 3 composite?
True
Let a(g) = -g**3 + 17*g**2 + 11*g - 17. Let b be (1/(-3))/(3/(-36)). Suppose -b*t = 6*t - 160. Is a(t) a composite number?
True
Let v(h) = 41*h**2 - h + 2. Suppose -n - 1 = -3*u, u + 0 = -4*n + 9. Let k be v(u). Is ((-17878)/k)/((-2)/6) composite?
False
Let k = -104429 - -206422. Is k composite?
True
Suppose 4*n = -q + 1823, -4*n = 4*q - 0*n - 7232. Suppose 3*y - q = -3*r, 225 = -4*r + 2*y + 2641. Is 3/(6/8)*r/36 a composite number?
False
Let c(b) be the first derivative of b**4/2 + 2*b**3 - b**2/2 - b - 6. Let l be c(-3). Let x(f) = 2*f**3 - 4*f + 3. Is x(l) a prime number?
True
Let y(j) = j**3 - 41*j**2 + 89*j - 949. Is y(54) prime?
False
Let y = -24 + 29. Suppose 10 + 5 = y*l. Suppose l*h - 1731 + 564 = 0. Is h prime?
True
Let i = 14675 - 7940. Let c = -1402 + i. Is c a composite number?
False
Let g(f) = 306*f**3 - 15*f**2 + 61*f - 293. Is g(6) a composite number?
False
Let h be (-46 + 51)*(-1332636)/10. Is 264/64 + -4 + h/(-16) prime?
False
Suppose 2*y - 2*q = 2, 4 = 3*y - 2*q - 2. Let i(s) = 145*s - 23. Is i(y) a prime number?
True
Suppose 0 = -64*v + 79*v - 44*v + 11254349. Is v a prime number?
True
Let k(p) = 48*p - 8. Let c(l) = -l + 1. Let z(a) = 5*c(a) + k(a). Suppose 34 = 13*y + 8. Is z(y) prime?
True
Suppose -2*k + 270428 = -85852. Suppose 16*b - k - 62068 = 0. Is b a prime number?
True
Let c = 409350 - 228289. Is c a prime number?
True
Let t(n) = n**3 - 7*n**2 + 6*n + 3. Let m = 20 + -14. Let g be t(m). Suppose 0 = -2*v + 6*r - 10*r + 2466, 0 = -g*r - 15. Is v a prime number?
False
Let q(g) = -16*g**2 + 2*g + 5. Let f be q(-2). Let h = 65 + f. Suppose -397 - 709 = -h*n. Is n composite?
True
Let z = 208780 - 139703. Is z prime?
False
Let i(t) = 3760*t**2 + 2*t - 1. Suppose 2*q = 3*q - 3*m + 78, 4*q = 2*m - 332. Let j = q - -85. Is i(j) composite?
False
Let m = 230060 + -116571. Is m a prime number?
True
Let w = 913468 + -362031. Is w prime?
False
Let z be (6936/(-16))/(3/(-74)). Suppose 0 = -7*a + 24*a - z. Is a a composite number?
True
Is -811 + 809 - ((-30)/9)/(6/384417) a composite number?
True
Let j be 1030/((12/15)/(-2)). Let o = j + 3836. Is o composite?
True
Suppose -8*p - 21926 = -55886. Suppose 1 = a, -17*v - a = -13*v - p. Is v a composite number?
False
Suppose 5 = x, -3*u - 5*x + 29 = -8. Let j be 1 - -1822*(2 - 1). Suppose u*g - 5*g = -j. Is g a prime number?
True
Let l = 410965 + 182200. Is l a prime number?
False
Let j = -95853 + 143122. Is j a composite number?
False
Let i = 754 - -1619. Is (174/9)/(7 + (-16597)/i) composite?
True
Let w be 35767 - ((-42)/(-35))/(6/(-15)). Suppose -2*h + 2*x + 7148 = -7144, w = 5*h + 3*x. Is h composite?
False
Let h(w) = -4*w + 1. Let v be h(2). Let o be 1456 + 0 + v/7 + 2. Let r = o - 822. Is r a prime number?
False
Is (-9 - 28/7)*(-44102 - -1) composite?
True
Suppose 37*g + 156*g - 31812399 = -6744208. Is g prime?
True
Suppose 9*t - 13*t - 3374108 = -8*t. Is t a composite number?
False
Suppose 0 = 2*a + 5*v - 58210 - 11918, -35073 = -a + 2*v. Is a composite?
False
Suppose -3*f + 11*f - 1814989 = -3*f. Is f a composite number?
False
Suppose -4*p - 3*i = -9122, 2*p = -p - 4*i + 6845. Suppose -3*y + p = -3124. Is y composite?
False
Let r(s) = -282332*s - 345. Is r(-1) composite?
True
Let v = 312723 + -217586. Is v prime?
False
Let o(k) = 2913*k**2 + 7*k + 2. Let n(c) = 1456*c**2 + 3*c + 1. Let d(h) = -7*n(h) + 3*o(h). Let r be d(-1). Is r*((-15)/(-10))/(-1) composite?
True
Let r(v) = 5*v**2 + 13*v - 27. Let o be r(6). Is 3/1*7*93973/o prime?
True
Let s = -456 + 1333. Let v(b) = -b**3 + 16*b**2 + 15*b + 36. Let j be v(17). Suppose -j*u + s = -5*x, 3*u - 5*x = -3*x + 1343. Is u composite?
True
Let d = 40895 - 25969. Suppose -5*x + d = -3*z, 0 = 3*x + 13*z - 12*z - 8964. Is x composite?
True
Suppose 7*z - 8569890 = -12*z - 1224091. Is z a composite number?
False
Let i(n) = 20*n**3 + 2*n**2 + 4*n - 4. Let m be i(-5). Let l = 2764 - m. Suppose 12*p - l = 10590. Is p composite?
False
Let y be -4 - 0 - 1*-4. Let u = y + 81. Suppose -q = -1112 - u. Is q a composite number?
False
Suppose 16 = 3*q - 2*q. Let l be 1/(-3 - q/(-5)). Let f = 88 - l. Is f composite?
False
Suppose 4*o - 6241460 = 5*u, -4*o + 3378804 = 3*u - 2862592. Is o a composite number?
True
Suppose -32 = -5*i - 2*a, i - 6*a = -2*a + 24. Suppose i*b - 12238 = 6*b. Is b composite?
True
Suppose 10*y - 2*y = 0. Is y*(-10)/(-80) + 7726 composite?
True
Let g(u) = u**3 - 10*u**2 + 32*u - 43. Let k be g(24). Suppose -5*x - k - 3054 = -2*l, 4*l - 2*x - 23678 = 0. Is l a prime number?
False
Is (23432/(-10) + -1)*460/(-276) a composite number?
False
Let o be (0 - 1)/((-2)/10). Suppose 0 = -o*a - 4*b + 8433, -4*a - 6750 = -8*a - 2*b. Is a a prime number?
False
Is (-14 - -16 - 5)/(12/(-2636548)) prime?
True
Let u be (-54)/(-72)*(-1 + 49973). Suppose 28*w - u = 94093. Is w a composite number?
True
Let w(k) = 4971*k - 5930. Is w(93) prime?
False
Suppose 6*k - 75096 = -3*b, -5*k + 15*b = 16*b - 62577. Is k composite?
True
Suppose y = -t + 40010, 0 = 5*y - y + 2*t - 160044. Suppose 0 = -6*b + y - 15718. Is b a prime number?
True
Let w(f) = -f**3 + 10*f**2 - 11*f + 7. Suppose 2*o = -5*o + 63. Let p be w(o). Is (-34)/(-187) + (-2781)/p a composite number?
True
Let b(a) be the first derivative of -a**4/4 - 5*a**3/3 + 7*a**2 + 5*a - 24. Let u be b(-7). Suppose 0 = -u*q + 1365 + 3020. Is q prime?
True
Let a(p) = 3579*p - 73. Is a(4) composite?
False
Suppose 3*d + 31*d = d + 1781835. Is d a prime number?
False
Let u(y) = -8*y**3 - 41*y**2 + 13*y + 101. Is u(-11) composite?
True
Let j(h) = 2764*h + 206. Let d(r) = 1381*r + 102. Let y(s) = 5*d(s) - 2*j(s). Is y(8) a prime number?
False
Let w = 2077 + -1141. Let p = 61 + 102. Let v = p + w. Is v a composite number?
True
Suppose -5*n + 5*m = -5, -4 = -2*m - 0*m. Let o(u) = 2*u - 6. Let c be o(n). Suppose -5*r = x - 15446, c = -3*r + 7*r - 3*x - 12353. Is r a composite number?
False
Let i(p) = -p**2 - 5*p + 6. Let n = -29 - -23. Let c be i(n). Suppose 5*j = -d - 4*d + 2210, c = -d + 3*j + 422. Is d prime?
False
Let o = -23869 - -10805. Let n = 5817 - o. Is n prime?
False
Let j = 1557 - -565. Suppose -977 = 3*c + j. Let s = 1846 - c. Is s a prime number?
True
Let b(p) = 561*p + 259*p + 5*p + 5. Let j be b(-1). Let g = j